 - -56. Suppose -i - 51 = -4*i - 4*g, 2*i + 4*g = l. Is (i - 2)*5 - 0 a prime number?
False
Suppose -4*c - 1 + 17 = 0. Suppose 3 = v, -v - 193 = -d - c. Let k = 281 - d. Is k a prime number?
True
Suppose -5*o = -5*w - 96160, -5*o + 96157 = -0*w - 2*w. Is o composite?
False
Suppose 4*w = 2*t + 6098, 4*t + 30 = 18. Is w a composite number?
False
Let x(b) = 83*b - 3. Suppose 0 = 4*h - 4*d - 40, -2*h + 5*d = -0*h - 17. Let r(g) = -g + 15. Let l be r(h). Is x(l) composite?
True
Suppose 3*f - 4*n - 14729 = 0, -5*n - 3240 = -3*f + 11491. Is f prime?
False
Let o = 1 + -3. Let z = 2 + o. Suppose z = 2*k + 4*f - 174, -61 = -3*k + f + 172. Is k prime?
True
Let a(t) = -32290*t - 69. Is a(-1) a composite number?
True
Let a(z) = 160*z**3 + z**2 - 2*z + 1. Let x be a(1). Suppose -53 = -3*p + x. Is p a prime number?
True
Suppose 12*i + 488047 = 1720027. Is i prime?
False
Let t(g) be the third derivative of -g**5/60 - g**4/6 + 2*g**3/3 - 5*g**2. Let s be t(-4). Suppose m = -s*m + 555. Is m a prime number?
False
Let j(i) = i**3 - 7*i**2 + 7*i - 4. Let y be j(6). Suppose c - 6*c + 423 = 4*z, z - 168 = -y*c. Is c prime?
True
Let s(h) = h**3 - h + 55. Let x(t) = -t**3 + t. Let u be -1*(0 - 1) + 0. Let m be x(u). Is s(m) composite?
True
Suppose -11*y + 8*y + 9 = 0. Suppose -y*d + 4*v + 636 = v, 2*v = 5*d - 1057. Is d a prime number?
True
Suppose -3*h = -2 - 13. Let t be h/((-3)/1170*2). Is 2 + t/(-3) + 2 a composite number?
True
Is (-34294)/65*5*-3 + -5 composite?
True
Let o = -1226 + 1746. Suppose 3*a + o = -a. Let b = a + 251. Is b a composite number?
True
Suppose -2*o = 10*o. Is (o - -1)/(4*6/144) composite?
True
Suppose r + 211350 = 31*r. Is r a composite number?
True
Let s = 381 - 383. Let r be -1 + 1 - (2 - 1). Is (4476/24)/(r/s) prime?
True
Let d(v) = -3*v**2 + 3*v + 254. Is d(0) a composite number?
True
Let g = 466 - 878. Suppose -6*n - 57 = 333. Let i = n - g. Is i composite?
False
Suppose m - 2*m + l + 7 = 0, 3*l + 13 = m. Suppose -m*z + 422 = -2*z. Is z a prime number?
True
Let l be (1 - (-5628)/3)/1. Let g = 6618 - l. Is g composite?
True
Let y(f) = 59*f**3 - 16*f - 9. Let g(c) = -39*c**3 + 11*c + 6. Let n(j) = -7*g(j) - 5*y(j). Is n(-4) prime?
True
Let i be ((-182)/42)/(1/6). Let y = -26 - i. Suppose y = 2*j + 5*j - 5271. Is j a composite number?
True
Let k = 55430 + -33307. Is k composite?
False
Let b(u) = 1419*u + 6. Let q(c) = 1. Let n(l) = -b(l) + 5*q(l). Let j be n(-1). Suppose -j = 3*m - 5*m. Is m a composite number?
False
Let w = 153443 - 83160. Is w composite?
True
Let g be (-1019)/2 - 1 - (-21)/(-14). Let n = 747 - g. Is n composite?
False
Let w(s) = -2*s**2 - 12*s - 22. Let b be w(-8). Is 36/b + 2087/3 composite?
True
Suppose 15092 = 5*f - q, -2*f + 4*q = -7*f + 15082. Suppose -5*t + 147 = -f. Is t composite?
True
Suppose -4*u - 225 = -u. Let f = u + 2398. Is f a composite number?
True
Let g(r) = -4*r + 3. Let j be g(0). Suppose j*q = 2*n + 416, -4*q + n + 273 = -290. Is q a prime number?
False
Suppose 5413 - 891 = 14*c. Let r = -72 + c. Is r a prime number?
True
Let o(z) = 15*z**2 + z + 1. Let w be o(4). Let l(d) = -13*d + 50. Let b be l(16). Let k = b + w. Is k a prime number?
False
Suppose 6*t - t - 75 = 0. Suppose t*x = 12*x + 2031. Suppose 6*u - x - 607 = 0. Is u a prime number?
False
Let f(d) = d + 10. Let a be f(-7). Suppose -7 = a*b - 4. Is b/(-4) + 422/8 prime?
True
Let s = -614 - -2551. Is s composite?
True
Let t be ((-6)/(-18))/(2/(-18)). Let p(h) = -h - 7. Let v be p(t). Is 32681/44 + (-1)/v a composite number?
False
Let i = -10 - -13. Suppose 0 = q + a + i*a - 2, -3*q = -5*a + 45. Let u(y) = -y**3 - 10*y**2 - 10*y + 6. Is u(q) a composite number?
True
Suppose 0*d + 1 = -2*l - d, 3*l + 5*d = -19. Let i(h) = h - 2*h + h**3 + l - 6*h + 5*h**2 + 0*h**2. Is i(-5) a prime number?
True
Let f(b) = -b**3 + 10*b**2 + 14*b - 2. Suppose -4*j + 2*j = 0. Suppose 3*z - 33 = -j. Is f(z) a prime number?
True
Let y(o) = o**2 - 1. Let g(h) = -106*h**2 + 3. Let a(f) = -g(f) - 2*y(f). Is a(5) a prime number?
False
Let m(v) = -28149*v + 16. Is m(-7) composite?
False
Is 34335/(-7 + 14) + 0 + -2 prime?
True
Let f = 5411 - 2908. Is f a prime number?
True
Let v(k) = k**3 + 7*k**2 - 16*k + 18. Let w be v(-9). Suppose 0 = -w*m + 4*m - 2012. Is m prime?
True
Suppose -2*n - 2*o - 61 = 33, 4*n = 3*o - 209. Let f be (-9)/(-36) - n/(-8). Is 16*9 + (f - -7) prime?
False
Let n(s) = 32*s - 26. Let d(o) = -o - 1. Let i(t) = -5*d(t) + n(t). Is i(14) composite?
True
Let k(x) be the third derivative of 37*x**4/4 - x**3/6 - 10*x**2. Is k(2) prime?
True
Suppose -19*q + 69182 = -97619. Is q a prime number?
True
Let a(r) = r**3 - r**2 - 9*r - 20. Let u be a(9). Suppose u = l - 1498. Is l composite?
True
Let r(o) = 1. Let i(w) = -14*w + 5. Let u(f) = -4*i(f) + 20*r(f). Let n be u(1). Suppose -v = -4*s + 471, -v - n = -3*s + 296. Is s composite?
True
Suppose -2*m + 5*p + 29 = 0, -3*m + 5*m - 4*p = 24. Suppose -7*k + m*k + 2495 = 0. Is k composite?
False
Let u = 62 - 178. Suppose -2*o - 38 + 404 = 0. Let k = u + o. Is k a composite number?
False
Suppose -100*c + 71*c + 101239 = 0. Is c a prime number?
True
Suppose -5*b - 12 = 3*s - 3, b = 5*s + 15. Suppose b*a + a = -5*f - 172, -2*f = 4*a + 724. Let r = 67 - a. Is r composite?
True
Let u = 1208 + 1829. Is u composite?
False
Let m = 8 - 6. Suppose -n + m*n - 2 = 0. Is -10*(-53)/4*n a prime number?
False
Let b be (10 + 2)/((-4)/90). Let w = 400 + b. Let r = w - 77. Is r a prime number?
True
Let r be 2/(-5) - 171486/(-15). Suppose 2*a = 5*a - 4*v - 6866, -5*a + r = -v. Is (-2)/(-6) + a/27 a prime number?
False
Let m be 1 - (4 - 11) - 4. Suppose m*y - 530 = 234. Is y a prime number?
True
Let g(d) = -671*d + 2. Is g(-1) composite?
False
Let a(d) = -285*d + 101. Is a(-14) prime?
True
Let s be 32/18 + 2/9. Let o be 2/(s + 0 + -1). Suppose -185 = -o*a - 3*a. Is a composite?
False
Let k(g) = g**3 - 17*g**2 - 38*g + 45. Let l be k(19). Suppose 317 = -44*j + l*j. Is j prime?
True
Let h(q) = 8352*q**2 + 3*q + 4. Is h(-1) a prime number?
True
Let h = 1159 - 655. Suppose -h = -3*t + 69. Is t a prime number?
True
Let t(y) = 38*y**2 - 11*y - 16. Is t(-11) prime?
True
Suppose 4*w = -5*h - 32, -3*w + 34 = -4*h - 2*w. Let y = h - -7. Is ((-2518)/2 - -4)/y composite?
True
Is (-6 - -11)/((-13)/(-99853)) a composite number?
True
Suppose -3*s - 10 = -8*s. Suppose -s*k - 10 = -34. Is ((-836)/k)/(3/(-9)) composite?
True
Let k(s) = 139*s**2 - 3*s - 5. Is k(4) a prime number?
True
Is (2/(-1))/(-18 + 16)*15427 a prime number?
True
Let u(d) = 7*d**3 - d - 4. Let k be u(6). Suppose -q - 4*c + k = -0*c, q + c = 1508. Suppose 5*w + 332 = j, -5*w = -j + 6*j - q. Is j composite?
False
Suppose 0 = -3*t, -4*r = -10*t + 11*t - 92572. Is r prime?
True
Suppose 0 = 208*n - 222*n + 138614. Is n prime?
True
Let x be (-2 - (18 - 1)*51)/1. Let p = x - -1878. Is p a prime number?
True
Suppose -3*m + 0*v = -3*v - 24, 2*v = -10. Suppose m*g - 394 = -s - s, -4*g = 5*s - 971. Is s a composite number?
False
Suppose 3*r + 4*n - 7335 = 0, 3*n = -r - r + 4891. Is r composite?
False
Let t(a) = -3*a - 13. Let x be t(-5). Is x/8 - (-4908)/16 a prime number?
True
Is (10564/(-2224))/(2/(-10616) - 0) a composite number?
True
Let v(x) = -x**3 - 7*x**2 - 8*x + 1. Let n be v(-6). Let s = -9 + n. Suppose -s*l - 568 = -8*l. Is l composite?
True
Suppose 0 = -44*g + 102413 + 100911. Is g a composite number?
False
Let k = -12953 + 19684. Is k prime?
False
Let m = -9 - -12. Suppose -2*w - 2028 = -m*a + w, 0 = -3*a - 2*w + 2038. Suppose -4*v - a = -7*v. Is v prime?
False
Let v(z) = 318*z**2 + 2*z + 3. Let w = 0 + 2. Let a be 0 + w - (-7 + 10). Is v(a) a composite number?
True
Let f be ((-8)/(-6))/(10/(-15)). Let d be (-1 + -1)*f*1. Suppose -d*p - 18 + 804 = 2*r, -3*r = 2*p - 1175. Is r a composite number?
True
Let d(o) = -2*o + 2. Let p be d(0). Suppose -p*h + 2874 = 4*h. Is h a composite number?
False
Let z(w) = w**2 + 11*w + 8. Let h be z(-10). Let t be h + (-8)/(-4) + 194. Suppose 0 = 5*k + t - 1519. Is k prime?
False
Suppose 36107 = 3*c - 0*c - 4*f, -c = f - 12038. Is c a composite number?
False
Suppose o = -5*o. Let b be (-8)/((o + -1)*2). Suppose 4*r + 4*f = 1996, -4*r + b*f + 499 = -3*r. Is r composite?
False
Is ((-15240)/(-16))/3*2 prime?
False
Let s be (43002/(-54))/((-20)/(-21) 